*b + 385. What is o(-17)?
11
Let d(u) = 3*u**2 + 20*u - 39. Determine d(-8).
-7
Let d(t) = -2*t + 5. Give d(-4).
13
Let u(b) = 2*b**2 + 10*b - 13. What is u(-8)?
35
Let j(u) = -2*u - 14. Determine j(-8).
2
Let m(k) = 9*k**2. Give m(1).
9
Let g(s) = s**2 + 20*s - 62. What is g(-22)?
-18
Let d(s) = -s**3 - 6*s**2 + 6*s - 10. What is d(-7)?
-3
Let y(c) = c**3 - 4*c**2 - 3*c - 11. What is y(5)?
-1
Let s(r) = 29*r + 28. Calculate s(3).
115
Let j(y) = -y**3 - y**2 - 2. Determine j(-2).
2
Let x(r) = -r**2 + 8*r - 10. What is x(8)?
-10
Let m(z) = z**3 + 10*z**2 - 10*z + 10. Determine m(-11).
-1
Let h(f) = -f**2 + 6*f + 4. What is h(-4)?
-36
Let g(a) = a**2 + 8*a + 18. Determine g(-8).
18
Let u(l) = l**2 - 3*l - 3. Calculate u(-5).
37
Let v(j) = j**2 - 6*j - 2. Calculate v(6).
-2
Let h(d) = 5*d**2 - 2*d + 6. Calculate h(3).
45
Let i(y) = 6*y + 5. Determine i(1).
11
Let d(n) = 5*n - 52. Determine d(0).
-52
Let b(u) = -u**3 + 9*u**2 - 11*u + 6. Determine b(8).
-18
Let z(v) = -v**3 - 9*v**2 - 23*v - 24. What is z(-3)?
-9
Let g(c) = 2*c**2 + 6*c + 1. Calculate g(-3).
1
Let q(b) = 4*b**3 - 5*b**2 + 3*b - 1. Calculate q(2).
17
Let v(j) = -j**2 - 11*j - 30. Give v(-14).
-72
Let z(b) = -b**2 + 19*b + 28. Give z(19).
28
Let n(y) = -2*y**3 - 13*y**2 + 3*y - 31. Calculate n(-7).
-3
Let i(g) = 29*g - 1. What is i(3)?
86
Let x(u) = u**3 + 4*u**2 - 6*u - 15. Determine x(-4).
9
Let o(f) = f**2 - 21*f + 50. Determine o(21).
50
Let k(c) = 2*c - 13. Give k(4).
-5
Let k(l) = -10*l**2 + l. Calculate k(-1).
-11
Let t(z) = z**3 + 7*z**2 + 6*z + 1. Give t(-6).
1
Let o(c) = c**3 + 8*c**2 + 12*c - 1. What is o(-6)?
-1
Let s(o) = -11*o + 56. What is s(5)?
1
Let y(t) = -16*t**2 - 5*t + 5. What is y(1)?
-16
Let z(d) = d**3 + 19. Give z(0).
19
Let s(t) = -3*t**2 + 2*t. Determine s(-1).
-5
Let i(c) = c + 22. What is i(-11)?
11
Let w(i) = -2*i**2 - i - 3. Give w(-2).
-9
Let h(d) = -d**3 + 11*d**2 - d - 2. Calculate h(11).
-13
Let y(a) = 4*a - 103. What is y(23)?
-11
Let i(q) = q - 4. Determine i(8).
4
Let p(n) = -n**2 - 13*n + 15. Calculate p(-14).
1
Let b(o) = -o - 3. Calculate b(6).
-9
Let f(c) = 3*c**2 + 22*c + 16. Calculate f(-8).
32
Let p(h) = -h**2 - h + 31. Calculate p(-6).
1
Let w(i) = 3*i - 9. Give w(4).
3
Let r(c) = -c**3 + 5*c**2 + 2*c - 4. Calculate r(5).
6
Let n(r) = -r**3 - 10*r**2 - 10*r + 12. What is n(-5)?
-63
Let j(o) = o**2 - 14*o - 12. What is j(6)?
-60
Let t(r) = 3*r**2 - 23*r - 18. Determine t(9).
18
Let z(d) = -3*d**2 + 22*d - 1. What is z(7)?
6
Let z(l) = -l**3 + 6*l**2 + 6*l - 27. What is z(7)?
-34
Let c(o) = -o**3 - 31*o**2 + 23*o - 304. Calculate c(-32).
-16
Let o(x) = -x**2 - 13*x - 11. Give o(-12).
1
Let u(g) = -g**3 + 9*g**2 - 8*g - 11. Give u(8).
-11
Let k(v) = 2*v**3 + 10*v**2 - 14*v - 8. Determine k(-6).
4
Let l(h) = -h**2 + 11*h + 75. What is l(16)?
-5
Let u(d) = -d**3 + 15*d**2 - 15*d + 19. What is u(14)?
5
Let a(s) = -s**2 + 9*s - 5. What is a(8)?
3
Let d(z) = -z**2 + 7*z + 35. Calculate d(10).
5
Let f(s) = -4*s**2 + 4*s + 4. Determine f(-1).
-4
Let g(f) = 2*f**2 + 9*f - 4. Calculate g(-7).
31
Let d(x) = x**2 + 20*x + 3. Give d(-19).
-16
Let c(j) = j**2 + 3*j - 6. What is c(-4)?
-2
Let j(d) = -5*d + 42. Determine j(8).
2
Let u(b) = 14*b - 2. Determine u(1).
12
Let x(f) = -f**2 - 18*f - 9. Calculate x(-15).
36
Let g(t) = t - 3. Give g(2).
-1
Let a(z) = -z**2 - 18*z - 36. Give a(-16).
-4
Let n(z) = -z**2 + 5*z - 15. Determine n(6).
-21
Let t(r) = -41*r + 1. Determine t(1).
-40
Let t(k) = 19*k - 451. Give t(24).
5
Let x(j) = -j**2 - 20*j - 10. Calculate x(-19).
9
Let k(z) = 9*z + 49. Determine k(-9).
-32
Let a(g) = -g**2 + 9*g - 24. Determine a(5).
-4
Let v(o) = o**2 + 21*o + 21. Calculate v(-20).
1
Let f(b) = -4*b + 2. Determine f(1).
-2
Let o(p) = 10*p - 26. Calculate o(3).
4
Let u(a) = 16*a - 585. Give u(37).
7
Let c(v) = -2*v**3 - 3*v**2 + 3*v - 2. Give c(1).
-4
Let o(f) = -f**2 + 1. Determine o(1).
0
Let g(c) = -6*c + 10. What is g(8)?
-38
Let b(c) = -6*c**3 + 2*c**2 + 4*c - 5. What is b(1)?
-5
Let h(i) = 2*i**3 + 5*i**2 - 3*i. Give h(-4).
-36
Let w(q) = -14*q + 227. Determine w(17).
-11
Let i(g) = g**3 + 9*g**2 + g - 7. What is i(-9)?
-16
Let o(y) = -2*y - 30. What is o(-17)?
4
Let t(a) = -3*a**3 + 2*a**2 - a. Calculate t(1).
-2
Let x(l) = 21*l - 359. Determine x(17).
-2
Let p(t) = t**2 + 19*t + 26. What is p(-19)?
26
Let w(n) = -2*n**3 - 22*n**2 - 6. Determine w(-11).
-6
Let f(r) = -6*r + 2. Calculate f(-1).
8
Let u(k) = -k**3 + 22*k**2 + 22*k + 26. Give u(23).
3
Let p(k) = k**3 - 18*k**2 - 19*k - 8. Determine p(19).
-8
Let h(f) = -f**2 - 6*f + 2. What is h(-7)?
-5
Let z(i) = -7*i - 2. What is z(-9)?
61
Let k(g) = -g**3 + 7*g**2 - 12*g + 5. Give k(5).
-5
Let n(m) = -2*m**3 + 3*m**2 + 2*m + 2. Calculate n(3).
-19
Let r(n) = -n**3 - 9*n**2 - 9*n. What is r(-8)?
8
Let d(k) = -k + 7. What is d(0)?
7
Let y(z) = z**2 - 10*z + 1. What is y(8)?
-15
Let t(b) = 6*b + 12. Calculate t(4).
36
Let c(l) = -3*l**2 + 11*l - 4. Give c(5).
-24
Let t(r) = r**2 - 13*r + 6. Give t(4).
-30
Let x(z) = z**2 + 10*z + 24. What is x(-9)?
15
Let v(p) = -p**3 + 23*p**2 - p + 27. Give v(23).
4
Let g(w) = -168*w + 840. Calculate g(5).
0
Let n(l) = l + 5. Calculate n(16).
21
Let l(i) = 24*i - 2. Determine l(1).
22
Let y(i) = i**2 + 13*i + 8. Give y(-9).
-28
Let j(i) = -i**3 - 15*i**2 + 16*i + 4. Determine j(-16).
4
Let b(m) = m + 6. Calculate b(-7).
-1
Let q(z) = -3*z**2 - z. What is q(-1)?
-2
Let u(v) = v**3 + 5*v**2 - 10*v. Give u(-7).
-28
Let j(u) = -22*u - 1. What is j(3)?
-67
Let q(d) = 9*d - 9. What is q(-4)?
-45
Let b(d) = -5*d + 6. Determine b(6).
-24
Let j(r) = 35*r**2 - 524*r - 19. Determine j(15).
-4
Let z(x) = 9*x**2 - 95*x + 50. Calculate z(10).
0
Let b(h) = -h**3 + 11*h**2 - 8*h - 2. What is b(10)?
18
Let y(b) = 20*b + 83. What is y(-4)?
3
Let o(h) = -h**3 - 7*h**2 + 6*h - 2. Determine o(-8).
14
Let z(t) = t**2 - t - 1. What is z(-4)?
19
Let a(l) = -l**3 + 7*l**2 - 5*l - 8. Give a(6).
-2
Let l(d) = -10*d + 27. Calculate l(2).
7
Let i(l) = 75*l - 758. Give i(10).
-8
Let w(j) = -13*j - 128. Calculate w(-10).
2
Let r(j) = -3*j + 7. Give r(8).
-17
Let t(g) = 4*g**3 - 45*g**2 + 10*g - 7. Give t(11).
-18
Let z(v) = -v**2 + 4*v - 3. Determine z(5).
-8
Let h(w) = w**3 - 9*w**2 + 5*w - 24. What is h(9)?
21
Let h(x) = x**3 + 26*x**2 + 23*x - 59. Calculate h(-25).
-9
Let j(i) = -i**3 + 11*i**2 + 7. What is j(11)?
7
Let a(c) = -c**3 - 3*c**2 - c - 11. Determine a(-4).
9
Let i(w) = w**3 - w**2 - w - 23. Give i(0).
-23
Let r(j) = -8*j + 17. Determine r(-8).
81
Let m(y) = -4*y**2 + y. Calculate m(-1).
-5
Let r(t) = t**2 - 8*t. Determine r(6).
-12
Let d(i) = -i**3 + 16*i**2 + 16*i - 5. What is d(17)?
-22
Let c(q) = -q**3 - 16*q**2 + q + 4. What is c(-16)?
-12
Let o(m) = m**2 + 5*m - 14. What is o(-6)?
-8
Let k(i) = 9*i**3 + i**2 + i + 1. What is k(-1)?
-8
Let y(u) = -u**2 - 11*u - 16. Determine y(-7).
12
Let x(z) = -z**3 + 25*z**2 + 25*z + 33. Calculate x(26).
7
Let h(t) = -11*t**2 - 2*t + 2. Determine h(2).
-46
Let f(r) = -9*r**2 - 5*r + 5. Calculate f(-5).
-195
Let j(n) = -2*n + 24. Determine j(-10).
44
Let z(f) = -f**3 - 23*f**2 + 30*f + 132. Determine z(-24).
-12
Let z(u) = 9*u + 4. Calculate z(5).
49
Let u(g) = 2*g - 19. Determine u(7).
-5
Let a(w) = -6*w**3 + 2*w**2 - w - 5. Calculate a(2).
-47
Let y(t) = -t**2 - 10*t + 24. Determine y(-12).
0
Let u(n) = 4*n**2 + 54*n - 27. What is u(-14)?
1
Let q(j) = 2*j**3 + 3*j - 3. Give q(1).
2
Let p(b) = -b**3 - 20*b**2 + 17*b - 63. Give p(-21).
21
Let z(i) = -i**2 + 17*i - 2. What is z(17)?
-2
Let w(f) = -f + 1. Determine w(4).
-3
Let q(y) = 9*y - 41. Give q(6).
13
Let t(x) = -2*x**3 + 3*x**2 - 6*x + 5. Give t(2).
-11
Let q(t) = -2*t - 67. What is q(-15)?
-37
Let c(g) = g - 16. Calculate c(9).
-7
Let r(c) = c**3 - 12*c**2 - 11*c - 5. Calculate r(13).
21
Let a(u) = -u**3 - 4*u**2 + 2*u - 24. Determine a(-5).
-9
Let c(z) = -z**2 + 10*z - 11. Give c(9).
-2
Let g(v) = -v**3 + 3*v**2 + 5*v + 9. Give g(4).
13
Let g(i) = i**3 - 3*i + 1. Determine g(4).
53
Let g(z) = -7*z**2 + 5*z + 9. Calculate g(5).
-141
Let h(p) = p**2 - 8*p + 16. What is h(5)?
1
Let u(l) = 16*l + 6. Calculate u(-7).
-106
Let v(i) = -i**3 - 16*i**2 + 15*i - 40. What is v(-17)?
-6
Let b(n) = -n**3 - 4*n**2 + 4*n + 6. Determine b(-2).
-10
Let h(c) = c**3 - 4*c**2 - 4